3 + 15*x**2 - 33*x - 29. What is k(-17)?
-46
Let z(h) = 7*h**2 + 46*h - 90. Determine z(2).
30
Let j(z) = -3*z - 96. Give j(-7).
-75
Let g(i) = -7*i - 10. Give g(-21).
137
Let f(a) = -2*a**3 + 117*a**2 + 71*a - 526. What is f(59)?
182
Let s(y) = -482*y**2 + 449*y. Give s(1).
-33
Let c(d) = -2*d**2 - 338*d - 14192. What is c(-91)?
4
Let q(x) = 10*x**3 + 79*x**2 + 2*x + 74. Calculate q(-8).
-6
Let d(i) = -3*i**2 + 20*i + 1. What is d(4)?
33
Let x(b) = -b**2 - 760*b - 3751. Determine x(-5).
24
Let n(d) = -2*d**2 + 61*d - 171. What is n(28)?
-31
Let r(d) = 166*d + 352. Calculate r(-2).
20
Let y(p) = 153*p - 3669. Give y(24).
3
Let t(f) = -682*f + 7484. Determine t(11).
-18
Let m(u) = -u**2 - 45*u + 81. Give m(-47).
-13
Let k(m) = 2332*m + 2367. Give k(-1).
35
Let s(o) = -26*o - 493. Calculate s(-17).
-51
Let i(l) = 465*l - 26972. What is i(58)?
-2
Let a(o) = -o**3 - 52*o**2 - 50*o - 43. Give a(-51).
-94
Let o(m) = -269*m + 35502. Calculate o(132).
-6
Let y(v) = -11*v**2 + 329*v - 5. Give y(30).
-35
Let l(m) = -332*m - 9934. What is l(-30)?
26
Let a(h) = 83*h**2 - 9545*h - 3. What is a(115)?
-3
Let r(u) = -20*u + 627. Calculate r(56).
-493
Let w(t) = 18*t**3 + 6*t**2 - 16*t + 19. Calculate w(2).
155
Let g(f) = f**2 - 16*f - 897. What is g(40)?
63
Let s(m) = 93*m**2 - 21958*m + 2360. Give s(236).
0
Let h(v) = 3*v**3 + 18*v**2 + 57*v + 3. Determine h(-4).
-129
Let m(a) = 2*a**3 + 4*a**2 - 29*a - 30. What is m(-4)?
22
Let t(j) = 55*j + 550. Calculate t(-13).
-165
Let h(c) = -40*c**3 - 20*c**2 - 20*c. Give h(-1).
40
Let s(i) = -1204*i + 119199. Determine s(99).
3
Let u(y) = 2*y + 103. Give u(-62).
-21
Let x(p) = p**3 - 201*p**2 + 9*p - 1806. What is x(201)?
3
Let g(f) = f**2 + 20*f + 2. Calculate g(-7).
-89
Let y(n) = 54*n**2 + 378*n - 1. What is y(-7)?
-1
Let u(g) = 63*g - 20. Give u(1).
43
Let i(g) = -g**2 + 8*g + 419. Give i(-17).
-6
Let r(d) = -44*d + 31. Calculate r(1).
-13
Let s(m) = 14*m**2 + 534*m + 54. Calculate s(-38).
-22
Let g(p) = 164*p - 2051. Give g(12).
-83
Let y(u) = -u**3 + 67*u**2 - 1032*u - 3. Calculate y(43).
-3
Let j(d) = -d**3 - 40*d**2 - 36*d + 46. Give j(-39).
-71
Let g(j) = -59*j**2 - 1234*j + 111. Determine g(-21).
6
Let w(s) = -5*s**2 + 1216*s - 3847. What is w(240)?
-7
Let d(n) = n**3 - 28*n**2 + 18*n + 254. Determine d(27).
11
Let j(d) = 142*d - 3846. Calculate j(27).
-12
Let i(f) = f**3 - 17*f**2 + 22*f - 106. What is i(16)?
-10
Let f(g) = -42*g**2 - 85*g - 83. Give f(-1).
-40
Let p(r) = -5*r**3 - 102*r**2 - 101*r + 611. What is p(-19)?
3
Let q(o) = -179*o - 1058. What is q(-6)?
16
Let y(g) = 592*g + 11845. Give y(-20).
5
Let n(r) = 4*r**3 + 220*r**2 + 3*r + 184. Calculate n(-55).
19
Let w(f) = 37*f + 26. Calculate w(-3).
-85
Let x(f) = -f**3 - 2*f**2 - 15*f - 128. Calculate x(-4).
-36
Let k(f) = -253*f + 6315. What is k(25)?
-10
Let f(g) = -5*g - 124. Give f(36).
-304
Let s(c) = -7*c**2 + 87*c + 50. What is s(13)?
-2
Let k(u) = -7*u**3 - 34*u**2 + 8*u - 8. Calculate k(-5).
-23
Let f(l) = 20*l - 334. What is f(17)?
6
Let d(o) = -205*o**2 - 2052*o - 28. Determine d(-10).
-8
Let x(q) = 2*q**2 + 971*q - 2922. Determine x(3).
9
Let g(o) = 30*o**2 + 329*o - 20. What is g(-11)?
-9
Let d(o) = -174*o - 1913. Determine d(-11).
1
Let u(h) = -2*h**3 - 90*h**2 - 282*h + 1. Determine u(-3).
91
Let l(f) = -f**2 - 5*f - 75. Give l(-11).
-141
Let k(n) = -n**3 - 63*n**2 + 151*n + 1390. Calculate k(-65).
25
Let m(i) = -2*i**3 - 55*i**2 + 140*i + 3134. What is m(-28)?
-2
Let d(j) = -1710*j - 29063. Give d(-17).
7
Let t(q) = -20*q - 133. Determine t(-10).
67
Let h(q) = 3*q**2 + 82*q - 52. Determine h(-28).
4
Let r(f) = f**3 - 76*f**2 - 7*f + 637. Calculate r(76).
105
Let h(d) = d**3 + 4*d**2 - 2*d + 2. What is h(-4)?
10
Let q(c) = -c**3 + 104*c**2 + 128*c - 2428. Calculate q(105).
-13
Let s(m) = 2*m**3 + 18*m**2 + 6*m - 2. Give s(-10).
-262
Let s(q) = -q**3 - 5*q**2 + 5*q - 4. Determine s(-8).
148
Let v(s) = -4*s**3 - 48*s**2 - 44*s + 7. Determine v(-11).
7
Let t(j) = 528*j - 36961. Determine t(70).
-1
Let d(b) = -b**3 - 48*b**2 + 96*b - 158. Determine d(-50).
42
Let b(o) = -2*o**2 - 168*o - 2572. Determine b(-64).
-12
Let q(z) = -z**2 + 48*z + 5157. What is q(-53)?
-196
Let x(n) = n**3 + 7*n**2 + 4*n + 7. Calculate x(4).
199
Let o(u) = 12*u + 188. What is o(-20)?
-52
Let o(m) = m**3 - 74*m**2 - 311*m + 1. Determine o(-4).
-3
Let k(i) = -59*i + 980. Give k(18).
-82
Let d(b) = -6*b**2 - 21*b + 43. Give d(2).
-23
Let r(n) = -n**3 + 10*n**2 - 10*n - 31. Calculate r(9).
-40
Let t(j) = 46863*j - 281190. What is t(6)?
-12
Let k(p) = -p**3 - 92*p**2 - 888*p + 43. Calculate k(-11).
10
Let w(n) = 3*n**2 - 119*n + 194. Determine w(38).
4
Let q(r) = -118*r**2 - 32*r - 2. Determine q(-1).
-88
Let j(a) = -2*a**2 - 151*a + 1161. Give j(7).
6
Let r(v) = -6*v**2 - 369*v + 207. Determine r(-62).
21
Let f(k) = -k**3 - 33*k**2 - 228*k - 706. Give f(-25).
-6
Let o(q) = 3*q**3 - 15*q**2 + 15*q + 4. What is o(3)?
-5
Let g(i) = 79*i + 38. Give g(0).
38
Let v(g) = 2*g**3 + 36*g**2 - 126*g + 114. What is v(-21)?
114
Let l(h) = -18*h**2 - 15*h + 7. What is l(2)?
-95
Let h(k) = 59*k - 160. Determine h(2).
-42
Let t(n) = -4*n**3 + 35*n**2 + 7*n + 24. Determine t(9).
6
Let s(c) = -755*c - 6035. Give s(-8).
5
Let j(r) = r**3 + 16*r**2 - 47*r - 404. Determine j(-18).
-206
Let z(n) = 24*n - 178. Give z(18).
254
Let t(c) = -4*c**2 + 30*c - 58. Give t(8).
-74
Let t(w) = 71*w + 3826. Give t(-54).
-8
Let i(a) = 2*a**2 - 216*a - 12611. Calculate i(150).
-11
Let b(h) = -h**2 + 16879*h + 101306. Give b(-6).
-4
Let t(q) = -1413*q - 5730. Give t(-4).
-78
Let g(s) = -166*s + 2334. Calculate g(14).
10
Let u(q) = 177*q**3 - 2*q**2 + 210*q - 209. Determine u(1).
176
Let p(n) = -n**2 - 37*n + 59. What is p(-33)?
191
Let c(n) = 3*n - 228. What is c(60)?
-48
Let l(c) = c**3 + 90*c**2 + 504*c - 30. What is l(-84)?
-30
Let k(n) = n**3 + 83*n**2 + 167*n + 418. Calculate k(-81).
13
Let u(o) = -1337*o - 136375. What is u(-102)?
-1
Let p(f) = 7*f - 38. What is p(25)?
137
Let f(s) = -20*s - 192. Calculate f(-14).
88
Let a(j) = -1514*j - 34819. Calculate a(-23).
3
Let g(z) = z**3 - 10*z**2 - 42*z + 73. Determine g(12).
-143
Let h(v) = -1654*v + 42972. Determine h(26).
-32
Let f(d) = d**2 - 52*d - 253. Determine f(52).
-253
Let x(h) = h**3 - 44*h**2 + 45*h - 20. Give x(43).
66
Let l(c) = -2*c**2 - 15*c + 597. Calculate l(14).
-5
Let v(j) = j**3 + j**2 - 35. Determine v(3).
1
Let v(o) = -2*o**2 - 48*o - 60. Determine v(-15).
210
Let n(i) = 948*i + 10396. What is n(-11)?
-32
Let r(m) = -m**2 + 249*m - 13601. Determine r(81).
7
Let m(s) = -3*s**2 + 32*s - 1. Calculate m(8).
63
Let x(h) = h**2 + 16*h - 52. Calculate x(-19).
5
Let s(n) = 5*n**2 + 76*n + 36. What is s(-6)?
-240
Let r(f) = 359*f**3 + 3*f - 3. Determine r(1).
359
Let x(t) = 2*t**3 - 131*t**2 + 67*t - 133. Give x(65).
-3
Let c(k) = -2*k**3 + 13*k**2 - 230*k + 1355. Calculate c(6).
11
Let o(h) = -1327*h - 2677. Give o(-2).
-23
Let r(q) = 2*q**3 - 41*q**2 + 81*q + 171. Determine r(18).
9
Let g(h) = 275*h + 3020. Calculate g(-11).
-5
Let a(q) = -q**2 - 36*q + 1902. Determine a(-65).
17
Let n(d) = d**2 + 142*d - 1207. Give n(8).
-7
Let s(w) = -71*w + 188. Give s(3).
-25
Let c(x) = x**2 - 4*x - 317. Calculate c(-16).
3
Let o(v) = -16*v + 265. Calculate o(14).
41
Let w(l) = -l**3 - 116*l**2 - 335*l + 416. What is w(-113)?
-36
Let d(f) = -105*f - 1739. Give d(-16).
-59
Let p(w) = -w**2 - 476*w + 4866. Calculate p(10).
6
Let d(t) = 13*t**3 - 127*t**2 - 32*t + 18. What is d(10)?
-2
Let y(o) = -2*o**2 - 30*o - 79. Give y(-9).
29
Let w(f) = -f**3 + 39*f**2 - 129*f + 3455. Determine w(38).
-3
Let z(v) = -v**2 - 7*v + 113. Determine z(-14).
15
Let k(i) = 34*i**2 + 19*i + 5. Calculate k(-3).
254
Let t(x) = 9*x**2 - 13*x + 7. What is t(5)?
167
Let d(a) = 7*a**3 - 147*a**2 + 42*a - 902. What is d(21)?
-20
Let y(w) = 64*w**2 + 167*w - 168. What is y(1)?
63
Let z(r) = 2*r**3 - r**2 + 4*r - 11. Calculate z(2).
9
Let o(w) = -w**3 + 28*w**2 - 196*w + 3755. Determine o(26).
11
Let p(x) = 685*x + 2728. Determine p(-4).
-12
Let n(v) = -v**3 - 22*v**2 + 32*v + 545. Give n(-23).
338
Let z(a) = -72*a + 802. Give z(9).
154
Let t(z) = 7*z**3 + z**2 + 3*z - 14. Determine t(2).
52
Let t(p) = 10*p**2 + 700*p - 2. Calculate t(-70).
-2
Let m(p) = 283*p - 41625. What i